 common factor of n and 77.
11
Let g be (3 + -4)/((-1)/26). What is the highest common divisor of 78 and g?
26
Let o = -7 - -16. What is the highest common factor of 9 and o?
9
Suppose -k - 2 = -11. Let q = 194 + -95. Calculate the highest common divisor of k and q.
9
Let k = -21 - -27. Calculate the greatest common factor of 48 and k.
6
Let n(f) = -f + 3. Let x(v) = -v + 2. Let r(p) = 3*n(p) - 7*x(p). Let l be r(5). What is the highest common factor of 3 and l?
3
Let t = 11 - -1. What is the greatest common factor of 48 and t?
12
Let a = 26 - 14. Calculate the highest common divisor of a and 48.
12
Suppose -23 = 2*t + 3*h, -3*t = -t - 2*h - 2. Let o be 2 + (t - (-10)/2). What is the highest common factor of 9 and o?
3
Suppose -6*a + 45 = -a. What is the highest common factor of a and 18?
9
Let k be (-65)/(-20) + (5/(-4) - -1). What is the greatest common divisor of k and 48?
3
Suppose -z + 5*z = 152. Calculate the greatest common divisor of z and 38.
38
Let b be -6*2 - (-2)/(-2). Let o = b + 30. Suppose -19 = -4*f + o. What is the highest common divisor of 6 and f?
3
Suppose -5*y + 0*f - 2*f = -41, -4*y + f + 38 = 0. Calculate the highest common factor of y and 45.
9
Let q = 124 + -114. Calculate the greatest common factor of 110 and q.
10
Suppose 19 + 6 = 5*n. Suppose n*j - 4*l - 456 = 0, 2*l - 168 = 2*j - 4*j. Suppose 0 = -4*d + 4, r + 6*d = d + 13. What is the greatest common factor of j and r?
8
Let t = -6 + 17. Calculate the highest common divisor of 187 and t.
11
Let a = -71 + 126. What is the greatest common factor of a and 5?
5
Let q = -30 + 52. What is the highest common factor of 198 and q?
22
Suppose 4*x = y + 4, 0 = 4*y - 2*x - 2*x - 8. Calculate the greatest common divisor of y and 4.
4
Let h(g) = 2*g - 2. Let a be h(15). Calculate the highest common divisor of a and 42.
14
Suppose -23 - 25 = -3*y. Calculate the highest common factor of 4 and y.
4
Let c = 24 - 9. What is the greatest common factor of c and 30?
15
Let k = -20 + 42. Calculate the highest common divisor of k and 11.
11
Let j(t) = 3*t**2 - 18*t - 12. Let h be j(8). Calculate the highest common divisor of h and 90.
18
Let u be (-20)/(-3) + (-36)/(-27). Calculate the greatest common divisor of 16 and u.
8
Suppose -2*b - 58 = -5*r, 5*b + 0*b - 5 = 0. What is the greatest common factor of r and 48?
12
Let c(l) = -l**3 + 16*l**2 + 8*l - 40. Let k be c(16). Calculate the greatest common factor of 22 and k.
22
Let o = 15 + -7. Let f(u) = 2*u**2 - 6*u - 4. Let h be f(6). What is the highest common factor of o and h?
8
Suppose -3*h + 20 = 2*h. Suppose -h*b - a = -831, b - 3*a + 6*a - 194 = 0. What is the greatest common factor of 19 and b?
19
Suppose -2*h = k - 0*k - 5, -h = k - 1. Let w(y) = y**3 - 4*y**2 + 2*y - 4. Let c be w(h). What is the highest common divisor of c and 12?
4
Let f be -2*(15/2)/(-1). Let q be -4 + 3/((-3)/(-2)). Let d(i) = -7*i + 1. Let l be d(q). Calculate the greatest common divisor of l and f.
15
Suppose 3*a - 5 = 7. Suppose 3*r = -a*v + 423 - 149, r + 282 = 4*v. Let o = -13 + 23. What is the greatest common divisor of o and v?
10
Let f be (0 - (1 - 14)) + 1. Suppose -2*w + 0 + 4 = -l, -2*l + 2 = w. Suppose w*g = 77 + 147. Calculate the greatest common factor of f and g.
14
Let n be (-4)/(-6) - 38/(-6). Let b be 1/(-4)*(-2 + -12)*16. Calculate the greatest common factor of b and n.
7
Let j = 18 + -10. Let k(m) = -6 + 6 - j*m. Let y be k(-5). What is the greatest common factor of 8 and y?
8
Let v = 66 + -33. What is the highest common factor of v and 165?
33
Suppose -5*q + 16 + 4 = 0, 0 = -5*d - q + 1004. What is the greatest common divisor of 10 and d?
10
Let v = 6 - -6. Calculate the highest common divisor of 24 and v.
12
Suppose -5*i + 0 = -50. What is the highest common factor of 40 and i?
10
Let v(b) = -9*b + 3. Let d be v(-3). What is the highest common divisor of 20 and d?
10
Let q = 24 + -6. What is the highest common divisor of q and 27?
9
Let d be 2/(-1) + 2 + 0. Suppose d = 4*a - 9*a - 35. Let w = 15 + a. Calculate the highest common factor of w and 24.
8
Suppose -2*w - 11 = 1. Let t(d) = -2*d. Let y(j) = j - 1. Let c(o) = 3*t(o) + 2*y(o). Let p be c(w). Calculate the greatest common divisor of 33 and p.
11
Let f = 36 - 18. Calculate the highest common divisor of 6 and f.
6
Suppose -19 = -3*m + 14. Calculate the highest common factor of m and 11.
11
Suppose -q = -x + 54, 6*q = -5*x + q + 240. Suppose v + 3 = x. What is the highest common divisor of 6 and v?
6
Let g(q) = -22*q + 1. Let t be g(-2). Calculate the highest common divisor of 5 and t.
5
Let s(i) = i**3 + 8*i**2 + 5*i - 2. Let f be s(-6). Suppose 3*c = 2*c. Suppose -k + 1 = c, a + 3*k + 22 = 6*a. Calculate the greatest common factor of f and a.
5
Suppose -8*x = -x - 28. Calculate the greatest common factor of 4 and x.
4
Suppose -n - 4*q = -0*q - 32, -2*n - q + 29 = 0. What is the highest common divisor of 36 and n?
12
Let r be -4*2/6*-9. Suppose 52*o - 48*o - 24 = 0. Calculate the highest common divisor of o and r.
6
Let n(f) = -f**3 - 10*f**2 - 11*f + 11. Let c be n(-9). Calculate the highest common divisor of 116 and c.
29
Let a(t) = t**3 - 5*t**2 + 4. Let g be a(5). Calculate the greatest common factor of g and 3.
1
Let f = -60 - -62. What is the greatest common factor of 22 and f?
2
Let o be (-60)/(-16) + (-3)/4. Suppose o*h - 5*c - 615 = 0, -4*h + 152 = -3*c - 657. Calculate the highest common divisor of h and 25.
25
Suppose 2*c = -4*d + d + 8, -3*c + 5*d + 12 = 0. Suppose -84 = -2*l - l. Calculate the highest common factor of l and c.
4
Let k(w) = 2*w**3 - 6*w**2 + 1. Let x(b) = -3*b**3 + 7*b**2 + b - 2. Let f(a) = 4*k(a) + 3*x(a). Let u be f(-5). What is the greatest common divisor of 3 and u?
3
Suppose 0 = -4*l - 15 - 17. Let s(q) = -q**2 - 11*q. Let u be s(l). Calculate the highest common factor of u and 6.
6
Suppose -2*d - 5*g - 7 + 59 = 0, -3*d = 4*g - 71. Calculate the highest common factor of d and 168.
21
Let t(d) = d + 15. Let l be t(4). What is the highest common factor of l and 133?
19
Let x be 92/(-6) - (-2)/(-3). Let s = -7 - x. Calculate the highest common divisor of s and 63.
9
Let g = 6 + 10. Let a be (18/15)/(9/1320). What is the highest common factor of a and g?
16
Let o be 17 + (-4)/4 + (-1 - 3). What is the highest common divisor of 42 and o?
6
Let t(r) = 2*r**2 + 2*r - 2. Let d(f) = -f**2 - 3*f + 1. Let l(p) = -3*d(p) - 2*t(p). Let x be l(4). What is the highest common divisor of x and 20?
5
Suppose 5*i - 8 - 17 = 0, 5*l + 2*i - 70 = 0. Calculate the greatest common factor of l and 36.
12
Let v = -69 - -108. Suppose -7*i = 60 - 242. What is the greatest common factor of i and v?
13
Let f(k) = -3*k - 5. Let c be f(-4). Let i = c + -4. Suppose -3*q + 12 = b, i*b - 9 - 20 = -2*q. What is the highest common divisor of 3 and b?
3
Suppose 0 = 4*p + 8, 0 = -5*n + 3*n - p + 4. Suppose 0 = -n*o + 45 + 3. Suppose -18 = -3*v - 6, 4*q - o = 3*v. What is the highest common divisor of q and 56?
7
Let q be 10/(6 + -5 + 1). What is the greatest common factor of q and 25?
5
Let a = -11 + 55. What is the highest common factor of a and 132?
44
Let h(p) = p**3 - 7*p**2 + 3*p. Let z be h(7). Let i = 45 - 24. Calculate the greatest common factor of i and z.
21
Let p(y) = -y**3 - 2*y**2 + 10*y + 10. Let g be p(-5). Let u(z) = -13*z + 1. Let a be u(-1). Calculate the highest common factor of a and g.
7
Let s = -180 - -276. Let m(d) = d**3 - 9*d**2 + 14*d + 24. Let u be m(7). Calculate the highest common factor of s and u.
24
Let f = -25 + 44. Calculate the highest common factor of 38 and f.
19
Let a = -14 + 9. Let i = a - -7. Suppose 2*f = 4*f - i. Calculate the highest common divisor of f and 3.
1
Let f = -12 + 16. Suppose f*l - 4 = 152. Calculate the highest common divisor of 26 and l.
13
Suppose 0 = -2*j + 3*j + 7. Let m(l) = -l - 9. Let u be m(j). Let f = u - -4. What is the highest common factor of f and 6?
2
Let y = -197 + -49. Let x = -136 - y. Suppose -42 = -3*k - 9. Calculate the greatest common divisor of x and k.
11
Let n = 3 + 1. Let v = n - -8. What is the greatest common factor of v and 72?
12
Let x(r) = 2*r**2 - r. Let o be x(-1). Let b be (-30)/(-9) + (-1)/o. Suppose -u = u + f - 287, b*f = -u + 141. What is the greatest common divisor of 16 and u?
16
Let k =